 be the third derivative of 5*k**4/24 + k**3/6 - k**2. Let s(i) = u*p(i) + 4*r(i). Calculate s(7).
-10
Let m(d) = -d**2 + 7*d + 12. Suppose 0 = 16*q - 35*q + 171. Give m(q).
-6
Let y(n) = -n**3 + n**2 + 4*n - 3. Suppose -2*x = 4*b - 8, -42 = -x - 2*x + 4*b. Suppose -p = 3*u + 2*p - 12, x = 3*u + p. What is y(u)?
-9
Let y(j) = -5*j - 2. Let d(m) = -5 - m + 2 - m + m. Suppose 0 = -4*w - 20. Let q be d(w). Calculate y(q).
-12
Let i(o) = o. Let g be i(-4). Let f(b) be the third derivative of -44*b**2 + 0*b - b**3 - 1/12*b**4 + 0. Give f(g).
2
Let o(x) = 4*x**2 + 3*x - 10. Let t(j) = -9*j**2 - 7*j + 21. Suppose -7 = -a + 2*a. Let l(b) = a*o(b) - 3*t(b). What is l(0)?
7
Let k(j) = j + 14. Let u = -270 - -263. Give k(u).
7
Suppose r - 4 = 2*t - 3*r, 3*r - 55 = -5*t. Suppose -l + 6*l = 2*y - t, 0 = -3*y - 5*l + 12. Let f(v) = -5*v - 9 + 4*v + y. Determine f(-3).
-2
Let a = -40 - -43. Let o(d) = -2*d + 5*d - 3*d + a*d - 7. Give o(6).
11
Let s(f) = 11*f - 7 + 28*f**3 - 10*f**2 + 2*f**2 - 29*f**3. What is s(-9)?
-25
Let w(x) = x**2 + x + 1. Let z(n) = -9*n**2 - 4*n - 3. Suppose -29*j = -26*j - 3. Let r(u) = -u - 1. Let v be r(-3). Let l(c) = j*z(c) + v*w(c). What is l(-1)?
-6
Let z(r) = -2*r**3 + 14*r**2 - 3*r + 14. Let w(g) = g**3 - 7*g**2 + 2*g - 6. Let o(x) = 7*w(x) + 3*z(x). Give o(4).
-28
Suppose 0 = -3*v + 9*v + 168. Let c be 3 + v/4 + 7. Let s(w) = w**3 - 3*w**2 - w - 1. Determine s(c).
-4
Let g(l) = -l + 5. Suppose -120 = -u - 2*u. Let s = u - 15. Suppose 0 = c - 6*c + s. Determine g(c).
0
Let m(u) = -u + 12. Let q be m(10). Let c(v) = 0*v**2 + 6*v**2 - 5*v**q + 9 + 5*v - 2*v**2. Calculate c(7).
-5
Let t(c) = c**3 - 3*c**2 + 2*c + 2. Let z be t(2). Suppose 6 = -z*i + 5*k, -5*i + 68 = 4*k + 17. Let f = -1 + i. Let r(h) = -h + 4. Determine r(f).
-2
Let d be (2 - 2)/(11 - 5). Suppose 0 = -2*a + b - 13, -4*a - 2*b - 6 + d = 0. Let y(i) = -i - 1. Calculate y(a).
3
Let p = 6 + -3. Suppose -18*u = -0*u. Let d(c) = c**2 - c**2 + p + 6*c - c**2 + u*c. Calculate d(6).
3
Let l be (-17 - -20) + 3*-1. Let f(g) be the third derivative of g**4/24 - g**3/3 + 11*g**2. Determine f(l).
-2
Let u(f) be the second derivative of -f**3/6 + 3*f**2 - 854*f. Calculate u(-4).
10
Let h = -1942 + 1934. Let d(s) = -3*s - 10. Determine d(h).
14
Suppose 5*p - 6 = -21. Let o = 7 + p. Suppose 4*h - 1 - 3 = -3*d, -h - o*d = -14. Let y(u) = -u**3 - 5*u**2 - 2*u + 2. What is y(h)?
-6
Let k(n) = 5*n**2 - n**2 - 3 - 4*n - 3*n**2. Determine k(-2).
9
Let s(x) = 116*x - 225*x + 12 - 2 + 111*x. What is s(-8)?
-6
Let h(k) = k**3 - 4*k**2 - 5*k + 7. Let i be h(5). Let n = i - 5. Let b(j) = 74*j + 9 - j**n - 3 - 68*j. Determine b(6).
6
Let m(t) be the third derivative of 1/24*t**5 + 0 + 0*t**4 - 5*t**2 + 1/360*t**6 + 0*t - 5/6*t**3. Let l(c) be the first derivative of m(c). Determine l(-3).
-6
Let h(y) = -y**3 + 6*y**2 - 10*y + 13. Suppose -5805*v + 5799*v + 24 = 0. Give h(v).
5
Let v(a) = -9*a**2 - a - 1. Suppose 0 = -l + 3*y + 2 - 3, -4*y + 2 = -l. Suppose -l*q - 1 = -5. Suppose 4*r + 3*d + 19 = 0, 2*d = -q*r + d - 7. Calculate v(r).
-9
Let l be 56/1 - (-4)/(-12)*3. Let a = 51 - l. Let h(d) = -d**2 - 4*d - 6. What is h(a)?
-6
Let u be 6/14 + (-51)/21. Let k(n) = 7*n + 3. What is k(u)?
-11
Let w = -16 - -28. Suppose -3*y - y = -w. Let c(t) = t**2 - 3*t - 1. Give c(y).
-1
Let a = -187 + 186. Let l = -3 - -5. Let w(m) = -5*m**l + 4*m**2 + 3*m**2. Calculate w(a).
2
Let d be 651/35 + 2/5. Let h = d + -14. Let j be 4/h*(-55)/(-22). Let p(r) = -r**3 + 3*r**2 - 3*r + 2. Give p(j).
0
Let u = -874 - -875. Let w(i) = 5*i - 5. What is w(u)?
0
Suppose 0 = 2*z + 2*z - 24. Let t be z/(-5)*25/(-10). Let o(a) = a + 3. Let b(k) = k + 2. Let g(n) = 7*b(n) - 6*o(n). Calculate g(t).
-1
Let d(u) = u**3 + 6*u**2 + u + 8. Let v be d(-6). Let p(t) = 64334*t**2 - 128672*t**2 + 64335*t**2 + t**3 - 3 + 4*t. Give p(v).
1
Let x(s) = 10*s. Let f(c) = c. Let v(q) = -35*f(q) + 4*x(q). Let z(p) = -2*p**3 + 2*p**2 - 2*p. Let t be z(1). Let u be -1 - 28/16 - t/(-8). Calculate v(u).
-15
Let h be (-12)/4 - (-4)/2. Let t(a) = -4*a**2 + a. Let x be t(h). Let b be (-36)/15 - 2/x. Let d(r) = 3*r + 1. What is d(b)?
-5
Let u = -773 + 781. Let s(v) = -v**3 + 6*v**2 + 11*v + 6. What is s(u)?
-34
Let d(y) be the second derivative of -y**3/3 + 3*y**2/2 + y. Let o(z) = -5*z - 86. Suppose -26*n + 28*n = -36. Let h be o(n). Give d(h).
-5
Suppose h + 3 = 1. Let r be (-2 - -3)/h*-6. Let n = 0 + r. Let b(i) = -i**2 + i - 1. Determine b(n).
-7
Suppose 0 = q + 12*q - 91. Let f(x) = 7*x**2 - 12*x + 3. Let m(i) = -6*i**2 + 11*i - 2. Let g(s) = 5*f(s) + 6*m(s). Determine g(q).
-4
Suppose 7101 = m - 0*m + 7097. Let j(i) = -7*i**3 + 12*i**2 - 17*i + 5. Let h(c) = -11*c**3 + 18*c**2 - 26*c + 8. Let d(r) = -5*h(r) + 8*j(r). Calculate d(m).
8
Let y(c) be the first derivative of -1/2*c**2 - 6*c - 24. Give y(-5).
-1
Suppose -8*q - 12 = -12*q. Let v(t) = -4*t**3 - 6*t**2 + 6*t + 7. Let a(k) = 3*k**3 + 6*k**2 - 7*k - 7. Let z(s) = q*a(s) + 2*v(s). What is z(-7)?
7
Let u be 16/(0 - -2) - 0. Let o(r) be the third derivative of -r**5/60 + 5*r**4/12 - 5*r**3/3 + 1253*r**2. What is o(u)?
6
Let l(z) be the first derivative of 2*z**2 - 2/3*z**3 + 21 + 5*z. Determine l(4).
-11
Let k(g) be the third derivative of -g**6/60 - g**5/60 - g**4/24 - g**3/6 + 359*g**2. What is k(-2)?
13
Let f(c) = 15*c - 30. Let r(u) = -7*u + 15. Let y(k) = -6*f(k) - 13*r(k). Let a(q) = -5*q + 32. Let n be a(5). Calculate y(n).
-8
Let l(b) = -8*b + 30*b - 23*b - 20 + 16. Suppose i - 46 = 5*f, -5*f - 4*i = 33 + 8. Calculate l(f).
5
Let g(z) = 3*z + 11. Let b(a) = -a**3 + 3*a**2 + 8*a - 28. Let u be b(3). Determine g(u).
-1
Let w be (-11297)/(-858) - 2/12. Let n(h) = h**3 - 12*h**2 - 10*h - 31. Determine n(w).
8
Let g(q) be the second derivative of -q**5/20 - 11*q**4/12 - 3*q**3/2 + 3*q**2/2 + 20*q + 1. Give g(-10).
-7
Let z = 0 - -1. Suppose 5 - z = 2*o. Suppose -5*m + 5*s - 1 = 29, 10 = o*s. Let d(q) = 9*q - 1. Give d(m).
-10
Let k(t) = -571*t - 574*t + 11 + 1147*t + 2. Let m(a) = a**3 - 6*a**2 - a - 3. Let l be m(6). Calculate k(l).
-5
Let z(m) = 140 - 13*m - 290 + m**2 + 143. Give z(13).
-7
Let f(y) be the first derivative of -y**4/4 + 8*y**3/3 - 9*y - 483. Calculate f(8).
-9
Let p(k) = 5*k - 19. Let v(f) = -9*f + 38. Let d(u) = -11*p(u) - 6*v(u). Let s be d(-13). Let g be 2/9 - s/(-27). Let a(y) = -y**2 + y + 3. Calculate a(g).
3
Let q(m) = -2*m**2 + 3*m + 2. Let z be q(3). Let l(b) = -b**2 - 11*b - 16. Let h be l(z). Suppose 0 = 8*t - h*t - 28. Let r(v) = -v**2 - 7*v. Calculate r(t).
0
Let h(l) = l + 20. Let u(d) = -2*d**2 + 4*d + 18. Let y be u(-3). Determine h(y).
8
Let v = 2 + -1. Let d(w) be the third derivative of 10*w**2 - 5/24*w**4 + 0 + 0*w**3 + 0*w. Give d(v).
-5
Let s(n) be the third derivative of -n**4/8 + 7*n**3/6 - 5*n**2. Let q(b) = -3*b + 6. Let d(f) = -7*q(f) + 6*s(f). Calculate d(-2).
-6
Let i(t) = -t**3 - 3*t**2 + 3*t - 4. Suppose k - 50 = 6*k. Let f(s) = s**3 + 10*s**2 - 3*s - 15. Let q be f(k). Suppose -3*j + q = 27. Give i(j).
0
Let l(j) = -20*j**2 + j + 1. Suppose 3*y + 5*a = -28, -2*y - 27 = 21*a - 16*a. Give l(y).
-20
Let z(h) = -5*h**3 - 15*h**2 + 8*h + 5. Let u(g) = -9*g**3 - 29*g**2 + 15*g + 7. Let n(b) = 6*u(b) - 11*z(b). Determine n(9).
5
Let i = 3 - 2. Let a = 50 - 44. Let h(u) = 5*u - a*u**2 + u - 14*u + 7*u. Calculate h(i).
-7
Let u(v) = -5*v**3 - 2*v**2 + 3*v - 9. Let o(y) = -4*y**3 - 3*y**2 + 3*y - 9. Let i(l) = -4*o(l) + 3*u(l). Give i(-7).
-19
Let i(p) = -4*p - 5. Let v(z) = -z**3 + 8*z + 11. Let b(c) = 5*i(c) + 2*v(c). Let q be b(-1). Let h(u) = u**3 - 3*u**2 + 2*u - 2. Determine h(q).
4
Suppose -11*h = -8*h - 9. Let x(o) = 3*o + 1 - h*o + 1 + 2*o. Calculate x(3).
8
Let l(r) = r**2 + 7*r + 3. Let c(w) = -w**2 - 5*w - 3. Let k be c(-3). Suppose -k*b = -1 - 8. Suppose 0 = -b*u + 4*u + 5. Determine l(u).
-7
Let j = -3 + 6. Let a(b) = -b + 9 + 5*b**2 - b**2 - j*b**2. Let r be -3 + (-72)/(-20) + 6/(-10). Give a(r).
9
Let y = 54 + -51. Let k(h) = -h**2 + 7*h + 1. Determine k(y).
13
Suppose s + 2*s + 2*r - 25 = 0, -5*s = -r - 33. Let z(y) = -7*y**3 - s*y**3 - y + 2 + 6*y**2 + 13*y**3 + 0*y**2. Let i be -4 + 3 - (-4 + -3). What is z(i)?
-4
Let h(m) = m**2 + 10*m**3 + 0*m + m + 1 - 11*m**3. Let q(f) = 7*f**3 - 11*f**2 - f - 8. Let k(y) = 6*h(y) + q(y). 